5). Suppose 5*c + 3*n = 28, -2*n - 2*n - 21 = -l*c. Suppose i + 2 - c = 0. What is the units digit of i?
3
Let i(k) = k**3 - 5*k**2 + 5*k - 3. Let o be i(5). Suppose 5*l - 3*l = -5*c + 54, 4*l + o = 3*c. What is the units digit of c?
0
Suppose -18 + 138 = 6*q. What is the units digit of q?
0
Suppose 6*t = 20 + 172. What is the units digit of t?
2
Suppose 7*m - 3 = 10*m. What is the units digit of (-1)/m*(-2 + 6)?
4
Let l(q) be the third derivative of 1/3*q**4 - q**2 + 0*q - 3/2*q**3 + 0 - 1/60*q**5. What is the units digit of l(6)?
3
Let l = 1 - -5. Let b = l - 5. What is the tens digit of b - 7/(14/(-24))?
1
Suppose -5*s = -0*s - 505. What is the tens digit of s?
0
Let b = -341 - -485. What is the tens digit of b?
4
Let u(g) = -g**3 + 208. What is the tens digit of u(0)?
0
Suppose 0 = -y + 4, -52 = -4*n + y - 4*y. What is the units digit of n?
0
Let k be (-4)/(-14) - (-33)/7. Suppose 32 + 3 = k*s. What is the units digit of s?
7
Let k(w) = 11*w - 52. What is the hundreds digit of k(20)?
1
Let j = -2 + 2. Suppose j = -m + 4*a + 21, 0*m - m - 4*a - 3 = 0. Let k = 22 - m. What is the tens digit of k?
1
Suppose -15 - 15 = -3*q. Let a(x) = x**3 - 11*x**2 + 13*x - 2. What is the tens digit of a(q)?
2
Let z(p) = p**2 + 3*p + 7. Let j be z(-5). Suppose -3*y = -5*o + j - 1, y = -o + 8. What is the units digit of y?
3
Let a = -11 + 18. Let r = a - -6. Let d = r - 4. What is the units digit of d?
9
Let u be 0/(-1)*(-4 + 3). Suppose c + 0 - 10 = u. What is the tens digit of c?
1
Let k = 1 + 8. Let b(t) = -t**2 + 8*t + 12. What is the units digit of b(k)?
3
Let v(y) = -y**2 + 8*y - 6. Let g be v(7). Let s = 2 + g. What is the units digit of s?
3
Let m(g) = g**2 - 2*g - 2. Let f be m(2). Let b = 23 - f. What is the tens digit of b?
2
Let x(a) = a**3 - 7*a**2 + 4. Let j be x(7). Let f be (-3)/(-1 + 58/64). Suppose -s - n + j = -4*n, 3*s - f = -n. What is the tens digit of s?
1
Suppose 6*d - 120 = d. Suppose 5*x - d = 6. What is the units digit of x?
6
Let t(y) = -y**3 + 13*y**2 + 2*y - 2. What is the tens digit of t(13)?
2
Let u = 147 + -101. What is the units digit of u?
6
Let p(o) = -o + 12. What is the units digit of p(-5)?
7
Let u(c) = -6*c - 4. What is the tens digit of u(-7)?
3
Suppose -61 + 25 = -3*k. What is the tens digit of k?
1
Let q = 353 + -101. What is the units digit of q?
2
Let m = -3 - -7. Suppose 3*l - 3*n - 17 = -2, m*l + n = 40. What is the units digit of l?
9
Let z(v) = -4*v - 1. Let l be z(-1). Let a(w) = -w**2 - 3*w + 2. Let r be a(l). Let m = r - -22. What is the units digit of m?
6
Suppose -2*g - 3*g = -3*y + 34, g = 2*y - 11. Let k be (4/16)/(1/28). Suppose y*d - 4*d + k = 0. What is the units digit of d?
7
Let p = 46 - -18. Let w = p + -30. What is the units digit of w?
4
Let x(g) = 7*g**3 - 7*g**2 + g - 2. What is the tens digit of x(4)?
3
Suppose 0 = 4*p - 0*t - t - 4, -8 = 2*p + 2*t. Suppose p = -4*h + 3*h - 9. Let m = 0 - h. What is the units digit of m?
9
Suppose 0*p = 3*p + f - 115, 4*p - 153 = -f. What is the units digit of p?
8
Let q(r) = -r**3 + 7*r**2 - 2*r + 3. Let f be (-3)/2*(-2 - 0). Let a be q(f). Suppose a + 17 = 5*i. What is the units digit of i?
0
Let s(k) = -k**2 - 7*k - 1. Let j be s(-7). What is the units digit of 1/(-1)*(j - 9)?
0
Let j = -41 - -79. What is the tens digit of j?
3
Suppose 9*x - 14*x = 15. What is the units digit of -1*(-1)/(x/(-21))?
7
Suppose -5 = -2*n - 3. Let p be (-1)/((-40)/36 - -1). What is the units digit of 6/(-3) + p + n?
8
Let d = 124 - 89. What is the units digit of d?
5
Suppose o - 60 = -1. What is the tens digit of o?
5
Suppose 2*h - 166 = -5*i, 0*h + 3*h - i = 266. What is the units digit of h?
8
Let l = -2 - -5. What is the units digit of l?
3
Let n be (-2 + 2)/(-1*3). Let f be n + -1 + 9 + 2. Let w = f - -4. What is the tens digit of w?
1
Let v(t) = -5*t - 4. Let q be v(-4). Let n = 5 + q. Suppose -4*p + 3*w + n = 2, -p = 3*w - 1. What is the units digit of p?
4
Suppose -240 = 5*p + 45. Let t = p + 81. What is the tens digit of t?
2
Let v(t) = 7*t - 18 + 3 - 5 + 3. What is the tens digit of v(5)?
1
Suppose 4*l = 2*l + 36. Let s = l - 13. Suppose -2*h + s + 15 = -3*d, -d = 2. What is the units digit of h?
7
Let t = -46 - -70. Suppose 3*g - t = g. Suppose l = -l + g. What is the units digit of l?
6
Let a(n) = -n**3 + 6*n**2 + 1. What is the units digit of a(3)?
8
Let z = 8 + -5. Suppose 5*c = 2 + 38. Suppose -4*o = -2*h - c, 0*h - 2*o = -z*h. What is the units digit of h?
2
Let o(d) = 8*d + 1. Let w be o(-1). Let q(t) = 5*t. Let u be q(-3). Let x = w - u. What is the units digit of x?
8
Let u be 924/16 - 1/(-4). Suppose u + 2 = 5*b. What is the tens digit of b?
1
Let t = 202 + -115. What is the units digit of t?
7
Let x be (15/(-6))/(-5)*-4. Let w = x + 10. What is the units digit of w?
8
Suppose -n - t + 6 = 22, 3*t - 64 = 5*n. Let x = -8 - n. What is the units digit of x?
6
Suppose -288 = -2*t - 2*t. What is the tens digit of t?
7
Suppose 0 = 5*j - 3*j - 24. Suppose -20 = -3*l - 2*g, -3*g + j + 0 = 0. What is the units digit of l?
4
Suppose d = -2*m - 5, 4*d + 45 = m - 4*m. Let i be (-12)/d*(7 - 2). Suppose -7*n + 27 = -i*n. What is the units digit of n?
9
Let l(u) = -2*u + 5. Let b be l(6). Let q be (1 + b)/((-3)/9). Suppose -q = -5*v - p + 37, 27 = v - 3*p. What is the tens digit of v?
1
Let k(w) be the third derivative of w**6/120 - w**5/10 - w**4/24 + 7*w**3/6 + 3*w**2. Let r be k(6). Suppose -r = -2*x + 1. What is the units digit of x?
1
Let q(d) = 3*d**2 + 9*d + 2. What is the tens digit of q(-4)?
1
Let t be (-5)/20 + (-17)/(-4). Suppose -s - 3*s + 14 = 5*a, -t*s + 26 = -a. Suppose -4*f + f = -s. What is the units digit of f?
2
Suppose 0 = -4*a - 19 - 5. Let w(t) = t**3 + 7*t**2 + 7*t + 8. Let z be w(a). Suppose -4*d + 16 = -z*d. What is the units digit of d?
8
Let j be (-1 - 1/(-2))/((-5)/(-30)). Suppose -2*u - u = -30. Let b = j + u. What is the units digit of b?
7
Let a(h) = -5*h + 1. Let p = -36 - -26. Let c(m) = -m - 14. Let k be c(p). What is the tens digit of a(k)?
2
Let v(y) = y**3 - 5*y**2 + 4. Let l be v(5). Let x(j) = -3*j**2 + 5*j. Let u(g) = 8*g**2 - 16*g. Let h(b) = l*u(b) + 11*x(b). What is the units digit of h(-8)?
8
Let s = 131 + -56. What is the units digit of s?
5
Suppose -10 = -7*o + 2*o. Let n = o - 2. Suppose n = -b - 3 + 6. What is the units digit of b?
3
Let v(u) = 11*u**2 - 3*u + 2. What is the hundreds digit of v(6)?
3
Let i(u) be the first derivative of 3*u + 1/2*u**2 + 2. What is the units digit of i(-2)?
1
Let p = -23 + 48. What is the units digit of p?
5
Suppose 75 = 15*x - 10*x. What is the units digit of x?
5
Let j(z) = 2*z - 3*z**2 + 4*z**3 - 3*z**3 - 2*z**3 - 3*z. Let q be j(-3). Suppose -30 = -5*s - 5*p, p + p - q = -s. What is the units digit of s?
9
Let b(j) = 68*j**3 - 1. What is the tens digit of b(1)?
6
Let y = -121 - -185. Let x = y + -36. What is the tens digit of x?
2
What is the units digit of (-4)/(-8) + (-45)/(-6)?
8
Suppose -3*k = 5*g - 0*g - 5, g - 5*k = 29. Suppose 7*f = g*f + 3. What is the units digit of f?
1
Let y(x) = 3*x**3 - 9*x**2 + 8*x + 16. What is the hundreds digit of y(5)?
2
Suppose -5*z - 2*n - 55 = n, 4*n = -4*z - 44. Suppose -5*u + 0*u = -5. What is the units digit of (-1)/u - (1 + z)?
9
Suppose -42 = -0*p - 2*p. Let q(s) = s**2 + 6*s - 4. Let j be q(-3). Let g = j + p. What is the units digit of g?
8
Suppose -610 - 59 = -3*o. What is the hundreds digit of o?
2
Suppose 111 = 10*r - 9*r. What is the units digit of r?
1
Suppose 3*j = -7*k + 2*k + 11, -1 = 2*j - 5*k. Suppose 0*m = -j*m. Suppose m*s - 6 = -3*s. What is the units digit of s?
2
Suppose -5*l + 0*h + 450 = -2*h, 3*l - 270 = -4*h. Let c = -64 + l. What is the units digit of c?
6
Let b = -257 - -173. Let q be (b/35)/(2/(-25)). Suppose -3*w + 2*x + 24 + 23 = 0, -2*w = -x - q. What is the tens digit of w?
1
Let m = 35 - 20. What is the units digit of m?
5
Let f = -25 + 58. What is the tens digit of f?
3
Suppose -114*n + 1230 = -109*n. What is the tens digit of n?
4
Let y = -40 - -24. Let t = 22 + y. What is the units digit of t?
6
Let r(j) = -j**2 + 17*j - 9. What is the tens digit of r(11)?
5
Let r be -2*34/(-8)*2. Suppose -3*c = -4*c + r. What is the units digit of c?
7
Let n = -16 + 106. What is the tens digit of n?
9
Suppose 4*i = 5*i - 5*a - 17